{"id":446,"date":"2024-05-07T17:03:28","date_gmt":"2024-05-07T22:03:28","guid":{"rendered":"https:\/\/europaimportaciones.com.co\/?post_type=product&#038;p=446"},"modified":"2024-05-07T17:03:28","modified_gmt":"2024-05-07T22:03:28","slug":"colchon-ortopedico-2","status":"publish","type":"product","link":"https:\/\/europaimportaciones.com.co\/index.php\/producto\/colchon-ortopedico-2\/","title":{"rendered":"Colch\u00f3n ortopedico"},"content":{"rendered":"<p><span data-sheets-root=\"1\" data-sheets-value=\"{&quot;1&quot;:2,&quot;2&quot;:&quot;Semidoble, Ha credito $135000 0rtopedico con amortiguadores en acero de alto carbono fieltro en algod\u00f3n y espuma de 3cm en ambas caras de densidad c23 garant\u00eda de 6 a\u00f1os de alto 23cm&quot;}\" data-sheets-userformat=\"{&quot;2&quot;:12675,&quot;3&quot;:{&quot;1&quot;:0},&quot;4&quot;:{&quot;1&quot;:2,&quot;2&quot;:16777215},&quot;10&quot;:2,&quot;11&quot;:0,&quot;15&quot;:&quot;Arial&quot;,&quot;16&quot;:9}\">Semidoble, <\/span><\/p>\n<p><span data-sheets-root=\"1\" data-sheets-value=\"{&quot;1&quot;:2,&quot;2&quot;:&quot;Semidoble, Ha credito $135000 0rtopedico con amortiguadores en acero de alto carbono fieltro en algod\u00f3n y espuma de 3cm en ambas caras de densidad c23 garant\u00eda de 6 a\u00f1os de alto 23cm&quot;}\" data-sheets-userformat=\"{&quot;2&quot;:12675,&quot;3&quot;:{&quot;1&quot;:0},&quot;4&quot;:{&quot;1&quot;:2,&quot;2&quot;:16777215},&quot;10&quot;:2,&quot;11&quot;:0,&quot;15&quot;:&quot;Arial&quot;,&quot;16&quot;:9}\">Ha credito $135000 0rtopedico con amortiguadores en acero de alto carbono fieltro en algod\u00f3n y espuma de 3cm en ambas caras de densidad c23 garant\u00eda de 6 a\u00f1os de alto 23cm<\/span><\/p>\n","protected":false},"excerpt":{"rendered":"<p>Semidoble, Ha credito $135000 0rtopedico con amortiguadores en acero de alto carbono fieltro en algod\u00f3n y espuma de 3cm en ambas caras de densidad c23 garant\u00eda de 6 a\u00f1os de alto 23cm<\/p>\n","protected":false},"featured_media":447,"comment_status":"open","ping_status":"closed","template":"","meta":[],"product_cat":[17],"product_tag":[19],"jetpack_sharing_enabled":true,"_links":{"self":[{"href":"https:\/\/europaimportaciones.com.co\/index.php\/wp-json\/wp\/v2\/product\/446"}],"collection":[{"href":"https:\/\/europaimportaciones.com.co\/index.php\/wp-json\/wp\/v2\/product"}],"about":[{"href":"https:\/\/europaimportaciones.com.co\/index.php\/wp-json\/wp\/v2\/types\/product"}],"replies":[{"embeddable":true,"href":"https:\/\/europaimportaciones.com.co\/index.php\/wp-json\/wp\/v2\/comments?post=446"}],"wp:featuredmedia":[{"embeddable":true,"href":"https:\/\/europaimportaciones.com.co\/index.php\/wp-json\/wp\/v2\/media\/447"}],"wp:attachment":[{"href":"https:\/\/europaimportaciones.com.co\/index.php\/wp-json\/wp\/v2\/media?parent=446"}],"wp:term":[{"taxonomy":"product_cat","embeddable":true,"href":"https:\/\/europaimportaciones.com.co\/index.php\/wp-json\/wp\/v2\/product_cat?post=446"},{"taxonomy":"product_tag","embeddable":true,"href":"https:\/\/europaimportaciones.com.co\/index.php\/wp-json\/wp\/v2\/product_tag?post=446"}],"curies":[{"name":"wp","href":"https:\/\/api.w.org\/{rel}","templated":true}]}}