{"id":431,"date":"2024-05-07T17:10:59","date_gmt":"2024-05-07T22:10:59","guid":{"rendered":"https:\/\/europaimportaciones.com.co\/?post_type=product&#038;p=431"},"modified":"2024-05-07T17:10:59","modified_gmt":"2024-05-07T22:10:59","slug":"colchon-primavera-6","status":"publish","type":"product","link":"https:\/\/europaimportaciones.com.co\/index.php\/producto\/colchon-primavera-6\/","title":{"rendered":"Colchon primavera"},"content":{"rendered":"<p><span data-sheets-root=\"1\" data-sheets-value=\"{&quot;1&quot;:2,&quot;2&quot;:&quot;Cr\u00e9dito personal Colch\u00f3n primavera 140x190 6 a\u00f1os de garant\u00eda obsequio 2 almohadas&quot;}\" data-sheets-userformat=\"{&quot;2&quot;:12675,&quot;3&quot;:{&quot;1&quot;:0},&quot;4&quot;:{&quot;1&quot;:2,&quot;2&quot;:16777215},&quot;10&quot;:2,&quot;11&quot;:0,&quot;15&quot;:&quot;Arial&quot;,&quot;16&quot;:9}\">Cr\u00e9dito personal <\/span><\/p>\n<p><span data-sheets-root=\"1\" data-sheets-value=\"{&quot;1&quot;:2,&quot;2&quot;:&quot;Cr\u00e9dito personal Colch\u00f3n primavera 140x190 6 a\u00f1os de garant\u00eda obsequio 2 almohadas&quot;}\" data-sheets-userformat=\"{&quot;2&quot;:12675,&quot;3&quot;:{&quot;1&quot;:0},&quot;4&quot;:{&quot;1&quot;:2,&quot;2&quot;:16777215},&quot;10&quot;:2,&quot;11&quot;:0,&quot;15&quot;:&quot;Arial&quot;,&quot;16&quot;:9}\">Colch\u00f3n primavera 140&#215;190 6 a\u00f1os de garant\u00eda obsequio 2 almohadas<\/span><\/p>\n","protected":false},"excerpt":{"rendered":"<p>Cr\u00e9dito personal Colch\u00f3n primavera 140&#215;190 6 a\u00f1os de garant\u00eda obsequio 2 almohadas<\/p>\n","protected":false},"featured_media":422,"comment_status":"open","ping_status":"closed","template":"","meta":[],"product_cat":[17],"product_tag":[19],"jetpack_sharing_enabled":true,"_links":{"self":[{"href":"https:\/\/europaimportaciones.com.co\/index.php\/wp-json\/wp\/v2\/product\/431"}],"collection":[{"href":"https:\/\/europaimportaciones.com.co\/index.php\/wp-json\/wp\/v2\/product"}],"about":[{"href":"https:\/\/europaimportaciones.com.co\/index.php\/wp-json\/wp\/v2\/types\/product"}],"replies":[{"embeddable":true,"href":"https:\/\/europaimportaciones.com.co\/index.php\/wp-json\/wp\/v2\/comments?post=431"}],"wp:featuredmedia":[{"embeddable":true,"href":"https:\/\/europaimportaciones.com.co\/index.php\/wp-json\/wp\/v2\/media\/422"}],"wp:attachment":[{"href":"https:\/\/europaimportaciones.com.co\/index.php\/wp-json\/wp\/v2\/media?parent=431"}],"wp:term":[{"taxonomy":"product_cat","embeddable":true,"href":"https:\/\/europaimportaciones.com.co\/index.php\/wp-json\/wp\/v2\/product_cat?post=431"},{"taxonomy":"product_tag","embeddable":true,"href":"https:\/\/europaimportaciones.com.co\/index.php\/wp-json\/wp\/v2\/product_tag?post=431"}],"curies":[{"name":"wp","href":"https:\/\/api.w.org\/{rel}","templated":true}]}}