{"id":374,"date":"2024-05-07T17:05:04","date_gmt":"2024-05-07T22:05:04","guid":{"rendered":"https:\/\/europaimportaciones.com.co\/?post_type=product&#038;p=374"},"modified":"2024-05-07T17:05:04","modified_gmt":"2024-05-07T22:05:04","slug":"colchon-primavera-2","status":"publish","type":"product","link":"https:\/\/europaimportaciones.com.co\/index.php\/producto\/colchon-primavera-2\/","title":{"rendered":"Colch\u00f3n primavera"},"content":{"rendered":"<p class=\"lead text-justify my-3\">140*200<\/p>\n<p class=\"lead my-3\">Observaciones: Combo colch\u00f3n primavera m\u00e1s BC m\u00e1s espaldar lineal 140*200<\/p>\n","protected":false},"excerpt":{"rendered":"<p>140*200 Observaciones: Combo colch\u00f3n primavera m\u00e1s BC m\u00e1s espaldar lineal 140*200<\/p>\n","protected":false},"featured_media":375,"comment_status":"open","ping_status":"closed","template":"","meta":[],"product_cat":[17],"product_tag":[19],"jetpack_sharing_enabled":true,"_links":{"self":[{"href":"https:\/\/europaimportaciones.com.co\/index.php\/wp-json\/wp\/v2\/product\/374"}],"collection":[{"href":"https:\/\/europaimportaciones.com.co\/index.php\/wp-json\/wp\/v2\/product"}],"about":[{"href":"https:\/\/europaimportaciones.com.co\/index.php\/wp-json\/wp\/v2\/types\/product"}],"replies":[{"embeddable":true,"href":"https:\/\/europaimportaciones.com.co\/index.php\/wp-json\/wp\/v2\/comments?post=374"}],"wp:featuredmedia":[{"embeddable":true,"href":"https:\/\/europaimportaciones.com.co\/index.php\/wp-json\/wp\/v2\/media\/375"}],"wp:attachment":[{"href":"https:\/\/europaimportaciones.com.co\/index.php\/wp-json\/wp\/v2\/media?parent=374"}],"wp:term":[{"taxonomy":"product_cat","embeddable":true,"href":"https:\/\/europaimportaciones.com.co\/index.php\/wp-json\/wp\/v2\/product_cat?post=374"},{"taxonomy":"product_tag","embeddable":true,"href":"https:\/\/europaimportaciones.com.co\/index.php\/wp-json\/wp\/v2\/product_tag?post=374"}],"curies":[{"name":"wp","href":"https:\/\/api.w.org\/{rel}","templated":true}]}}

Colchón primavera

<p class="lead text-justify my-3">140*200</p>
<p class="lead my-3">Observaciones: Combo colchón primavera más BC más espaldar lineal 140*200</p>

<p>140*200 Observaciones: Combo colchón primavera más BC más espaldar lineal 140*200</p>
