{"id":370,"date":"2024-05-07T17:04:33","date_gmt":"2024-05-07T22:04:33","guid":{"rendered":"https:\/\/europaimportaciones.com.co\/?post_type=product&#038;p=370"},"modified":"2024-05-07T17:04:33","modified_gmt":"2024-05-07T22:04:33","slug":"ortopedico","status":"publish","type":"product","link":"https:\/\/europaimportaciones.com.co\/index.php\/producto\/ortopedico\/","title":{"rendered":"Ortopedico"},"content":{"rendered":"<p class=\"lead text-justify my-3\">120&#215;190<\/p>\n<p class=\"lead my-3\">Observaciones: Colch\u00f3n ortop\u00e9dico m\u00e1s base cama 120&#215;90 mas espaldar90<\/p>\n","protected":false},"excerpt":{"rendered":"<p>120&#215;190 Observaciones: Colch\u00f3n ortop\u00e9dico m\u00e1s base cama 120&#215;90 mas espaldar90<\/p>\n","protected":false},"featured_media":371,"comment_status":"open","ping_status":"closed","template":"","meta":[],"product_cat":[17],"product_tag":[19],"jetpack_sharing_enabled":true,"_links":{"self":[{"href":"https:\/\/europaimportaciones.com.co\/index.php\/wp-json\/wp\/v2\/product\/370"}],"collection":[{"href":"https:\/\/europaimportaciones.com.co\/index.php\/wp-json\/wp\/v2\/product"}],"about":[{"href":"https:\/\/europaimportaciones.com.co\/index.php\/wp-json\/wp\/v2\/types\/product"}],"replies":[{"embeddable":true,"href":"https:\/\/europaimportaciones.com.co\/index.php\/wp-json\/wp\/v2\/comments?post=370"}],"wp:featuredmedia":[{"embeddable":true,"href":"https:\/\/europaimportaciones.com.co\/index.php\/wp-json\/wp\/v2\/media\/371"}],"wp:attachment":[{"href":"https:\/\/europaimportaciones.com.co\/index.php\/wp-json\/wp\/v2\/media?parent=370"}],"wp:term":[{"taxonomy":"product_cat","embeddable":true,"href":"https:\/\/europaimportaciones.com.co\/index.php\/wp-json\/wp\/v2\/product_cat?post=370"},{"taxonomy":"product_tag","embeddable":true,"href":"https:\/\/europaimportaciones.com.co\/index.php\/wp-json\/wp\/v2\/product_tag?post=370"}],"curies":[{"name":"wp","href":"https:\/\/api.w.org\/{rel}","templated":true}]}}