{"id":301,"date":"2024-05-07T17:14:52","date_gmt":"2024-05-07T22:14:52","guid":{"rendered":"https:\/\/europaimportaciones.com.co\/?post_type=product&#038;p=301"},"modified":"2024-05-07T17:14:52","modified_gmt":"2024-05-07T22:14:52","slug":"colchon-super-primavera","status":"publish","type":"product","link":"https:\/\/europaimportaciones.com.co\/index.php\/producto\/colchon-super-primavera\/","title":{"rendered":"Colch\u00f3n Super Primavera"},"content":{"rendered":"<p class=\"lead text-justify my-3\">Colch\u00f3n Ortopedico con suavisantes de 5 cm en ambas caras antial\u00e9rgico cremallera en el forro tela en jakard antiestres garant\u00eda de 6 a\u00f1os 40 cm de alto<\/p>\n<p class=\"lead my-3\">Observaciones: Ortopedico con colchonetas suavizante de 5 cm en ambas caras tela en jakard Antiestr\u00e9s 40cm de alto garant\u00eda de 6a\u00f1os $2500000 ha credito<\/p>\n","protected":false},"excerpt":{"rendered":"<p>Colch\u00f3n Ortopedico con suavisantes de 5 cm en ambas caras antial\u00e9rgico cremallera en el forro tela en jakard antiestres garant\u00eda de 6 a\u00f1os 40 cm de alto Observaciones: Ortopedico con colchonetas suavizante de 5 cm en ambas caras tela en jakard Antiestr\u00e9s 40cm de alto garant\u00eda de 6a\u00f1os $2500000 ha credito<\/p>\n","protected":false},"featured_media":302,"comment_status":"open","ping_status":"closed","template":"","meta":[],"product_cat":[17],"product_tag":[19,20],"jetpack_sharing_enabled":true,"_links":{"self":[{"href":"https:\/\/europaimportaciones.com.co\/index.php\/wp-json\/wp\/v2\/product\/301"}],"collection":[{"href":"https:\/\/europaimportaciones.com.co\/index.php\/wp-json\/wp\/v2\/product"}],"about":[{"href":"https:\/\/europaimportaciones.com.co\/index.php\/wp-json\/wp\/v2\/types\/product"}],"replies":[{"embeddable":true,"href":"https:\/\/europaimportaciones.com.co\/index.php\/wp-json\/wp\/v2\/comments?post=301"}],"wp:featuredmedia":[{"embeddable":true,"href":"https:\/\/europaimportaciones.com.co\/index.php\/wp-json\/wp\/v2\/media\/302"}],"wp:attachment":[{"href":"https:\/\/europaimportaciones.com.co\/index.php\/wp-json\/wp\/v2\/media?parent=301"}],"wp:term":[{"taxonomy":"product_cat","embeddable":true,"href":"https:\/\/europaimportaciones.com.co\/index.php\/wp-json\/wp\/v2\/product_cat?post=301"},{"taxonomy":"product_tag","embeddable":true,"href":"https:\/\/europaimportaciones.com.co\/index.php\/wp-json\/wp\/v2\/product_tag?post=301"}],"curies":[{"name":"wp","href":"https:\/\/api.w.org\/{rel}","templated":true}]}}