{"id":177,"date":"2023-08-22T10:53:36","date_gmt":"2023-08-22T15:53:36","guid":{"rendered":"https:\/\/europaimportaciones.com.co\/?page_id=177"},"modified":"2023-08-22T12:59:37","modified_gmt":"2023-08-22T17:59:37","slug":"ambiental","status":"publish","type":"page","link":"https:\/\/europaimportaciones.com.co\/index.php\/ambiental\/","title":{"rendered":"AMBIENTAL"},"content":{"rendered":"<section class=\"wpb-content-wrapper\"><p>[vc_row][vc_column width=&#8221;1\/2&#8243;][vc_single_image image=&#8221;206&#8243; img_size=&#8221;full&#8221; alignment=&#8221;center&#8221;][\/vc_column][vc_column width=&#8221;1\/2&#8243;][vc_custom_heading text=&#8221;AMBIENTAL&#8221; font_container=&#8221;tag:h1|text_align:center&#8221; google_fonts=&#8221;font_family:Junge%3Aregular|font_style:400%20regular%3A400%3Anormal&#8221;]<div class=\"ult-spacer spacer-69f0efb98bc18\" data-id=\"69f0efb98bc18\" data-height=\"20\" data-height-mobile=\"20\" data-height-tab=\"20\" data-height-tab-portrait=\"\" data-height-mobile-landscape=\"\" style=\"clear:both;display:block;\"><\/div>[vc_column_text css_animation=&#8221;bounceInRight&#8221;]<\/p>\n<p style=\"text-align: justify; font-size: 20px;\">La conciencia el mejor material para construir muebles, Nuestro compromiso con el medio ambiente es crear muebles de manera responsable, velando por el origen de nuestros materiales, consolidando a trabajadores, proveedores y aliados en el uso responsable de las materias primas. Adquisici\u00f3n de madera de bosques cultivados de manera responsable.<\/p>\n<p>[\/vc_column_text][vc_column_text css_animation=&#8221;bounceInRight&#8221;]<\/p>\n<p style=\"text-align: justify; font-size: 20px;\"><strong>Decimos No! <\/strong> A las maderas no certificadas o provenientes d\u00e9 fuentes no identificadas.<\/p>\n<p>[\/vc_column_text][vc_column_text css_animation=&#8221;bounceInRight&#8221;]<\/p>\n<p style=\"text-align: justify; font-size: 20px;\">Reducci\u00f3n en el uso de materiales d\u00e9 un solo uso. Iniciamos el proceso para la reducci\u00f3n d\u00e9 pl\u00e1sticos, envoltorios, cart\u00f3n de empaque para nuestros productos. Intentamos la puesta en marcha de envoltorios amigables y de uso recurrente en la entrega de los productos.<\/p>\n<p>[\/vc_column_text][vc_column_text css_animation=&#8221;bounceInRight&#8221;]<\/p>\n<p style=\"text-align: justify; font-size: 20px;\">Con la puesta en marcha de este m\u00e9todo de producci\u00f3n con materiales Ecoamigables apostamos a reducir la huella de carbono de manera significativa y contribuir a la preservaci\u00f3n del planeta para las futuras generaciones.<\/p>\n<p>[\/vc_column_text][\/vc_column][\/vc_row][vc_row][vc_column width=&#8221;5\/6&#8243;][\/vc_column][vc_column width=&#8221;1\/6&#8243;][\/vc_column][\/vc_row]<\/p>\n<\/section>","protected":false},"excerpt":{"rendered":"<p>[vc_row][vc_column width=&#8221;1\/2&#8243;][vc_single_image image=&#8221;206&#8243; img_size=&#8221;full&#8221; alignment=&#8221;center&#8221;][\/vc_column][vc_column width=&#8221;1\/2&#8243;][vc_custom_heading text=&#8221;AMBIENTAL&#8221; font_container=&#8221;tag:h1|text_align:center&#8221; google_fonts=&#8221;font_family:Junge%3Aregular|font_style:400%20regular%3A400%3Anormal&#8221;][vc_column_text css_animation=&#8221;bounceInRight&#8221;] La conciencia el mejor material para construir muebles, Nuestro compromiso con el medio ambiente es crear muebles de manera responsable, velando por el origen de nuestros materiales, consolidando a trabajadores, proveedores y aliados en el uso responsable de las materias primas. Adquisici\u00f3n de madera de [&hellip;]<\/p>\n","protected":false},"author":1,"featured_media":0,"parent":0,"menu_order":0,"comment_status":"closed","ping_status":"closed","template":"templates\/template_page-full-width.php","meta":{"footnotes":""},"jetpack_sharing_enabled":true,"_links":{"self":[{"href":"https:\/\/europaimportaciones.com.co\/index.php\/wp-json\/wp\/v2\/pages\/177"}],"collection":[{"href":"https:\/\/europaimportaciones.com.co\/index.php\/wp-json\/wp\/v2\/pages"}],"about":[{"href":"https:\/\/europaimportaciones.com.co\/index.php\/wp-json\/wp\/v2\/types\/page"}],"author":[{"embeddable":true,"href":"https:\/\/europaimportaciones.com.co\/index.php\/wp-json\/wp\/v2\/users\/1"}],"replies":[{"embeddable":true,"href":"https:\/\/europaimportaciones.com.co\/index.php\/wp-json\/wp\/v2\/comments?post=177"}],"version-history":[{"count":14,"href":"https:\/\/europaimportaciones.com.co\/index.php\/wp-json\/wp\/v2\/pages\/177\/revisions"}],"predecessor-version":[{"id":205,"href":"https:\/\/europaimportaciones.com.co\/index.php\/wp-json\/wp\/v2\/pages\/177\/revisions\/205"}],"wp:attachment":[{"href":"https:\/\/europaimportaciones.com.co\/index.php\/wp-json\/wp\/v2\/media?parent=177"}],"curies":[{"name":"wp","href":"https:\/\/api.w.org\/{rel}","templated":true}]}}

<section class="wpb-content-wrapper"><p>[vc_row][vc_column width=&#8221;1/2&#8243;][vc_single_image image=&#8221;206&#8243; img_size=&#8221;full&#8221; alignment=&#8221;center&#8221;][/vc_column][vc_column width=&#8221;1/2&#8243;][vc_custom_heading text=&#8221;AMBIENTAL&#8221; font_container=&#8221;tag:h1|text_align:center&#8221; google_fonts=&#8221;font_family:Junge%3Aregular|font_style:400%20regular%3A400%3Anormal&#8221;]<div class="ult-spacer spacer-69f0efb98bc18" data-id="69f0efb98bc18" data-height="20" data-height-mobile="20" data-height-tab="20" data-height-tab-portrait="" data-height-mobile-landscape="" style="clear:both;display:block;"></div>[vc_column_text css_animation=&#8221;bounceInRight&#8221;]</p>
<p style="text-align: justify; font-size: 20px;">La conciencia el mejor material para construir muebles, Nuestro compromiso con el medio ambiente es crear muebles de manera responsable, velando por el origen de nuestros materiales, consolidando a trabajadores, proveedores y aliados en el uso responsable de las materias primas. Adquisición de madera de bosques cultivados de manera responsable.</p>
<p>[/vc_column_text][vc_column_text css_animation=&#8221;bounceInRight&#8221;]</p>
<p style="text-align: justify; font-size: 20px;"><strong>Decimos No! </strong> A las maderas no certificadas o provenientes dé fuentes no identificadas.</p>
<p>[/vc_column_text][vc_column_text css_animation=&#8221;bounceInRight&#8221;]</p>
<p style="text-align: justify; font-size: 20px;">Reducción en el uso de materiales dé un solo uso. Iniciamos el proceso para la reducción dé plásticos, envoltorios, cartón de empaque para nuestros productos. Intentamos la puesta en marcha de envoltorios amigables y de uso recurrente en la entrega de los productos.</p>
<p>[/vc_column_text][vc_column_text css_animation=&#8221;bounceInRight&#8221;]</p>
<p style="text-align: justify; font-size: 20px;">Con la puesta en marcha de este método de producción con materiales Ecoamigables apostamos a reducir la huella de carbono de manera significativa y contribuir a la preservación del planeta para las futuras generaciones.</p>
<p>[/vc_column_text][/vc_column][/vc_row][vc_row][vc_column width=&#8221;5/6&#8243;][/vc_column][vc_column width=&#8221;1/6&#8243;][/vc_column][/vc_row]</p>
</section>

<p>[vc_row][vc_column width=&#8221;1/2&#8243;][vc_single_image image=&#8221;206&#8243; img_size=&#8221;full&#8221; alignment=&#8221;center&#8221;][/vc_column][vc_column width=&#8221;1/2&#8243;][vc_custom_heading text=&#8221;AMBIENTAL&#8221; font_container=&#8221;tag:h1|text_align:center&#8221; google_fonts=&#8221;font_family:Junge%3Aregular|font_style:400%20regular%3A400%3Anormal&#8221;][vc_column_text css_animation=&#8221;bounceInRight&#8221;] La conciencia el mejor material para construir muebles, Nuestro compromiso con el medio ambiente es crear muebles de manera responsable, velando por el origen de nuestros materiales, consolidando a trabajadores, proveedores y aliados en el uso responsable de las materias primas. Adquisición de madera de [&hellip;]</p>
